t is -10 + 2001032?
2001022
In base 13, what is 87b - -454?
1002
In base 10, what is -8 - -573?
565
In base 8, what is -514472 - 7?
-514501
In base 5, what is -4 - 244123?
-244132
In base 9, what is 2528 - 35?
2483
In base 8, what is -70033 - 15?
-70050
In base 6, what is 13300402 + -5?
13300353
In base 9, what is 314416 - 5?
314411
In base 11, what is -1331 - -47?
-1295
In base 7, what is 123 - 102?
21
In base 3, what is 11 + -10220211?
-10220200
In base 4, what is -1113011 - -1200?
-1111211
In base 10, what is 740 - 1409?
-669
In base 9, what is -3 + -15633?
-15636
In base 13, what is 5514 + 10?
5524
In base 11, what is -164014 - 15?
-164029
In base 14, what is -11 + 28cb4?
28ca3
In base 16, what is 7a1d5 - -3?
7a1d8
In base 2, what is 110 + 10100010001100100?
10100010001101010
In base 8, what is -4 + 3770?
3764
In base 3, what is 11 - -1222202?
1222220
In base 11, what is 45a6383 - 1?
45a6382
In base 8, what is -13 + 13734?
13721
In base 2, what is -100 - 10100000100011?
-10100000100111
In base 6, what is 330 - -2225?
2555
In base 10, what is -497320 - -3?
-497317
In base 12, what is 11a7b + 4?
11a83
In base 14, what is 231 + 34?
265
In base 10, what is 52984 - 0?
52984
In base 4, what is 3 + -1002221312?
-1002221303
In base 2, what is 11000111011000100 + 1?
11000111011000101
In base 11, what is -19567 + 5?
-19562
In base 2, what is -111100011 - 110101000?
-1110001011
In base 6, what is 31531515 - -10?
31531525
In base 6, what is -21213 - -32?
-21141
In base 3, what is 1111111212200 - -12?
1111111212212
In base 11, what is 1 - 24800?
-247aa
In base 6, what is -13 - 135215?
-135232
In base 11, what is -90196 + 2?
-90194
In base 2, what is 11000110111 - -110011?
11001101010
In base 14, what is -4 - -a5729?
a5725
In base 11, what is 9 - 9975?
-9967
In base 13, what is 55a1 - -5a?
562b
In base 12, what is -505b8 - -3?
-505b5
In base 14, what is -5590 - 9?
-5599
In base 14, what is -315 + 15c?
-197
In base 13, what is -3 + -21ca5?
-21ca8
In base 13, what is b + 6ab2c?
6ab3a
In base 2, what is 1110111011010000010 + -100?
1110111011001111110
In base 8, what is -2 - -2702?
2700
In base 16, what is 2a3 + 9d?
340
In base 12, what is 2b + 950a?
9539
In base 14, what is -36a2c + 2?
-36a2a
In base 13, what is 24 - -1b1a?
1b41
In base 9, what is -256 + 3115?
2748
In base 5, what is -103304 - -22?
-103232
In base 4, what is 122302 + 1222?
130130
In base 14, what is 2c28 + -8?
2c20
In base 5, what is -130 + 32043?
31413
In base 13, what is -16a + 18?
-152
In base 7, what is -220260 + 0?
-220260
In base 5, what is -24 + 1430?
1401
In base 3, what is -200 - -111222?
111022
In base 4, what is -11 - 12130102?
-12130113
In base 2, what is -111111 - -1001001011011?
1001000011100
In base 10, what is 4 + -969611?
-969607
In base 10, what is 1112 - 5?
1107
In base 6, what is 20 + 33225?
33245
In base 6, what is 11033143 - -4?
11033151
In base 11, what is 1 + -5976?
-5975
In base 3, what is 210102 - 10111?
122221
In base 5, what is 2 - 10200311?
-10200304
In base 3, what is -100201200 - -1020?
-100200110
In base 6, what is 5500 + 3?
5503
In base 6, what is -125011320 - -5?
-125011311
In base 14, what is 1d1 + -5cd?
-3dc
In base 10, what is 16 - -41?
57
In base 5, what is -2 - 302020?
-302022
In base 16, what is -43 + -726a?
-72ad
In base 9, what is 43274 - 4?
43270
In base 13, what is -1853 + -2a2?
-1b25
In base 15, what is -120c - -157?
-10a5
In base 15, what is 10e4a - -1?
10e4b
In base 15, what is 2c74e1 - -5?
2c74e6
In base 11, what is -1239 - -8?
-1231
In base 13, what is -1 + 17c366?
17c365
In base 3, what is -11110022 - -1?
-11110021
In base 16, what is -cc169 + 2?
-cc167
In base 3, what is 1212 + -102002?
-100020
In base 16, what is 2807b - -3?
2807e
In base 2, what is 11 - 1101000101011001011?
-1101000101011001000
In base 9, what is -17704 + -32?
-17736
In base 4, what is 232313202 + -2?
232313200
In base 4, what is 30223203 + -30?
30223113
In base 10, what is 28 - 23?
5
In base 15, what is -1 - 3e11?
-3e12
In base 7, what is -5021 + 2?
-5016
In base 15, what is -d + 21a?
20c
In base 9, what is 10223555 - -2?
10223557
In base 3, what is 10 - 220020220100?
-220020220020
In base 7, what is 5 + 53031?
53036
In base 6, what is 4412 - -24?
4440
In base 14, what is 3 - -23a0?
23a3
In base 11, what is 10aa2 - 72?
10a30
In base 6, what is -15452 - -25?
-15423
In base 12, what is 1 + -22789?
-22788
In base 7, what is 1663 + -46?
1614
In base 15, what is 2 - 80458?
-80456
In base 16, what is 1b + -dd?
-c2
In base 4, what is -2 + -22212?
-22220
In base 10, what is -45722 - -2?
-45720
In base 14, what is 69d + 11?
6b0
In base 9, what is 834 + 607?
1542
In base 10, what is 291 + -9?
282
In base 12, what is 8 - -6a8?
6b4
In base 15, what is -6 + -25eb?
-2602
In base 6, what is -205433 - -5?
-205424
In base 7, what is -22043 - 3?
-22046
In base 5, what is -10 - 4244341?
-4244401
In base 11, what is 24702 - 3?
246aa
In base 9, what is -30688 + -36?
-30735
In base 15, what is -10 + -3855?
-3865
In base 5, what is 4 + -3221304?
-3221300
In base 10, what is 19 + 77?
96
In base 12, what is 35994 - -2?
35996
In base 10, what is 37 - 6439?
-6402
In base 8, what is -4 + -1232?
-1236
In base 16, what is 4 + -383d6?
-383d2
In base 11, what is -221 + -316?
-537
In base 14, what is -457d1 - 2?
-457d3
In base 2, what is -11100110000 + -100000?
-11101010000
In base 6, what is -1102140 + 2?
-1102134
In base 3, what is -10022 + -21012?
-101111
In base 5, what is -4340 - -2?
-4333
In base 10, what is 79 - -1792?
1871
In base 4, what is 21 + -1013330?
-1013303
In base 8, what is 260456 + 1?
260457
In base 13, what is 263c72 + 6?
263c78
In base 15, what is 5 + -1835?
-1830
In base 13, what is 52350 - 3?
5234a
In base 10, what is -386812 - 1?
-386813
In base 8, what is 5511 + 3301?
11012
In base 7, what is -4 + -43312?
-43316
In base 10, what is 2 - -23291?
23293
In base 6, what is -22413 + -3214?
-30031
In base 14, what is 8377 + 5?
837c
In base 2, what is -111101101000001001 + -101?
-111101101000001110
In base 12, what is 2 + 27a74?
27a76
In base 7, what is -25 - 11354?
-11412
In base 13, what is c + 18b00?
18b0c
In base 11, what is -10a22 + 6?
-10a17
In base 8, what is 1345 - -5?
1352
In base 8, what is 3256 - -164?
3442
In base 11, what is -3472 - -313?
-315a
In base 9, what is 3106 + 127?
3234
In base 14, what is -12376 + 17?
-1235d
In base 14, what is -d8b3 + -9?
-d8bc
In base 4, what is 1100 - -11133212?
11200312
In base 3, what is 1112002 - -12?
1112021
In base 3, what is -11200021 - 11?
-11200102
In base 3, what is 11 + -121111120?
-121111102
In base 7, what is 5 + -426126?
-426121
In base 8, what is -162 - -15?
-145
In base 4, what is -13021203 + -10?
-13021213
In base 9, what is -337 + -213?
-551
In base 15, what is 2e00e + -5?
2e009
In base 4, what is 2333112 + -2?
2333110
In base 12, what is 3 - -5125?
5128
In base 15, what is 5 + -10d6?
-10d1
In base 11, what is 240 + -17?
224
In base 6, what is -101215 - 15?
-101234
In base 15, what is 270d75 + 4?
270d79
In base 12, what is 641 + 1b?
660
In base 10, what is -1 - 16993?
-16994
In base 15, what is 27 + -7e1?
-7b9
In base 4, what is 30210 - -1102?
31312
In base 14, what is -11d - 12?
-131
In base 2, what is 11110011110100 - -100?
11110011111000
In base 11, what is -5 - 165987?
-165991
In base 13, what is c70950 + -4?
c70949
In base 14, what is 1 - -93649?
9364a
In base 8, what is 0 - -340251?
340251
In base 10, what is -2920 - -10?
-2910
In base 8, what is -410 - 1125?
-1535
In base 6, what is 353 + 31031?
31424
In base 2, what is 1000100101000 - 11110011?
1000000110101
In base 2, what is 100 - -10101010101100?
10101010110000
In base 3, what is 121021011 + -21?
121020220
In base 11, what is 3 - 120a6?
-120a3
In base 2, what is -100001010010 + 1000?
-100001001010
In base 7, what is -31524 - -665?
-30526
In base 15, what is 5d4 + -3d5?
1ee
In base 12, what is 5b + -42ab?
-4250
In base 11, what is -900 + 72?
-839
In base 4, what is -323313322 - -1?
-323313321
In base 11, what is -30143 + 5?
-30139
In base 6, what is -23341 - -1011?
-22330
In base 5, what is 13231 + 21?
13302
In base 8, what is 10120 + 153?
10273
In base 8, what is 10 - 33456?
-33446
In base 7, what is 1340 - 14201?
-12531
In base 5, what is 1131 + -203414?
-202